{"id":988,"date":"2022-02-28T22:48:45","date_gmt":"2022-03-01T03:48:45","guid":{"rendered":"https:\/\/disuctronicos.com\/?post_type=product&#038;p=988"},"modified":"2023-08-03T21:47:43","modified_gmt":"2023-08-04T02:47:43","slug":"plafon-con-portalampara-vintage-de-lujo","status":"publish","type":"product","link":"https:\/\/disuctronicos.com\/index.php\/producto\/plafon-con-portalampara-vintage-de-lujo\/","title":{"rendered":"Plafon De Lujo Con Portalampara Vintage"},"content":{"rendered":"<p>Portal\u00e1mparas Vintage de lujo rosca E27, elegante y retro en acabado met\u00e1lico cable acordonado en malla negro 1 metro y plaf\u00f3n negro de 12cm aprox de di\u00e1metro incluye su platina y tornillos de sujeci\u00f3n.<\/p>\n","protected":false},"excerpt":{"rendered":"<p>Plaf\u00f3n de 12cms con portal\u00e1mparas vintage de lujo 1metro de cable<\/p>\n","protected":false},"featured_media":2687,"comment_status":"open","ping_status":"closed","template":"","meta":{"_joinchat":[]},"product_brand":[],"product_cat":[47,48],"product_tag":[24,22,77,25,27,30,23,26,28,313,31],"class_list":{"0":"post-988","1":"product","2":"type-product","3":"status-publish","4":"has-post-thumbnail","6":"product_cat-iluminacion","7":"product_cat-iluminacion-led","8":"product_tag-construccion","9":"product_tag-decoracion","10":"product_tag-disuctronicos","11":"product_tag-electricista","12":"product_tag-hogar","13":"product_tag-iluminacion","14":"product_tag-ingeniero","15":"product_tag-instalador","16":"product_tag-oficina","17":"product_tag-plafon-de-lujo-con-portalampara-vintage","18":"product_tag-remodelacion","20":"first","21":"instock","22":"taxable","23":"shipping-taxable","24":"purchasable","25":"product-type-simple"},"_links":{"self":[{"href":"https:\/\/disuctronicos.com\/index.php\/wp-json\/wp\/v2\/product\/988","targetHints":{"allow":["GET"]}}],"collection":[{"href":"https:\/\/disuctronicos.com\/index.php\/wp-json\/wp\/v2\/product"}],"about":[{"href":"https:\/\/disuctronicos.com\/index.php\/wp-json\/wp\/v2\/types\/product"}],"replies":[{"embeddable":true,"href":"https:\/\/disuctronicos.com\/index.php\/wp-json\/wp\/v2\/comments?post=988"}],"wp:featuredmedia":[{"embeddable":true,"href":"https:\/\/disuctronicos.com\/index.php\/wp-json\/wp\/v2\/media\/2687"}],"wp:attachment":[{"href":"https:\/\/disuctronicos.com\/index.php\/wp-json\/wp\/v2\/media?parent=988"}],"wp:term":[{"taxonomy":"product_brand","embeddable":true,"href":"https:\/\/disuctronicos.com\/index.php\/wp-json\/wp\/v2\/product_brand?post=988"},{"taxonomy":"product_cat","embeddable":true,"href":"https:\/\/disuctronicos.com\/index.php\/wp-json\/wp\/v2\/product_cat?post=988"},{"taxonomy":"product_tag","embeddable":true,"href":"https:\/\/disuctronicos.com\/index.php\/wp-json\/wp\/v2\/product_tag?post=988"}],"curies":[{"name":"wp","href":"https:\/\/api.w.org\/{rel}","templated":true}]}}