{"id":840,"date":"2022-02-24T20:49:42","date_gmt":"2022-02-25T01:49:42","guid":{"rendered":"https:\/\/disuctronicos.com\/?post_type=product&#038;p=840"},"modified":"2026-03-28T22:14:34","modified_gmt":"2026-03-29T03:14:34","slug":"diodo-zener-1n4148","status":"publish","type":"product","link":"https:\/\/disuctronicos.com\/index.php\/producto\/diodo-zener-1n4148\/","title":{"rendered":"Diodo Zener 1N4148"},"content":{"rendered":"<p>Diodo 1N4148\u00a0es un peque\u00f1o y r\u00e1pido componente electr\u00f3nico fabricado de silicio, de alta conductividad, usado en el procesamiento y detecci\u00f3n de se\u00f1ales de radiofrecuencias de manera muy eficaz<\/p>\n","protected":false},"excerpt":{"rendered":"<p>Diodo 1N4148\u00a0 fabricado de silicio, de alta conductividad, usado en el procesamiento y detecci\u00f3n de se\u00f1ales de radiofrecuencias de manera muy eficaz,<\/p>\n","protected":false},"featured_media":2803,"comment_status":"open","ping_status":"closed","template":"","meta":{"_joinchat":[]},"product_brand":[],"product_cat":[38,39],"product_tag":[44,394,77,45,368,40,23,41,43,42],"class_list":{"0":"post-840","1":"product","2":"type-product","3":"status-publish","4":"has-post-thumbnail","6":"product_cat-componentes-electronicos-audio-y-video","7":"product_cat-electronica-estudiantil","8":"product_tag-componentes","9":"product_tag-diodo-zener-1n4148","10":"product_tag-disuctronicos","11":"product_tag-electronica","12":"product_tag-electronica-estudiantil-usme","13":"product_tag-estudiante","14":"product_tag-ingeniero","15":"product_tag-proyectos","16":"product_tag-talleres","17":"product_tag-tecnologia","19":"first","20":"instock","21":"taxable","22":"shipping-taxable","23":"purchasable","24":"product-type-simple"},"_links":{"self":[{"href":"https:\/\/disuctronicos.com\/index.php\/wp-json\/wp\/v2\/product\/840","targetHints":{"allow":["GET"]}}],"collection":[{"href":"https:\/\/disuctronicos.com\/index.php\/wp-json\/wp\/v2\/product"}],"about":[{"href":"https:\/\/disuctronicos.com\/index.php\/wp-json\/wp\/v2\/types\/product"}],"replies":[{"embeddable":true,"href":"https:\/\/disuctronicos.com\/index.php\/wp-json\/wp\/v2\/comments?post=840"}],"wp:featuredmedia":[{"embeddable":true,"href":"https:\/\/disuctronicos.com\/index.php\/wp-json\/wp\/v2\/media\/2803"}],"wp:attachment":[{"href":"https:\/\/disuctronicos.com\/index.php\/wp-json\/wp\/v2\/media?parent=840"}],"wp:term":[{"taxonomy":"product_brand","embeddable":true,"href":"https:\/\/disuctronicos.com\/index.php\/wp-json\/wp\/v2\/product_brand?post=840"},{"taxonomy":"product_cat","embeddable":true,"href":"https:\/\/disuctronicos.com\/index.php\/wp-json\/wp\/v2\/product_cat?post=840"},{"taxonomy":"product_tag","embeddable":true,"href":"https:\/\/disuctronicos.com\/index.php\/wp-json\/wp\/v2\/product_tag?post=840"}],"curies":[{"name":"wp","href":"https:\/\/api.w.org\/{rel}","templated":true}]}}