{"id":3284,"date":"2025-04-03T13:40:19","date_gmt":"2025-04-03T18:40:19","guid":{"rendered":"https:\/\/disuctronicos.com\/?post_type=product&#038;p=3284"},"modified":"2026-01-29T19:46:55","modified_gmt":"2026-01-30T00:46:55","slug":"1-balasto-con-4-tubos-germicidas-30w-ultravioleta-sockets-antivibracion-sin-base","status":"publish","type":"product","link":"https:\/\/disuctronicos.com\/index.php\/producto\/1-balasto-con-4-tubos-germicidas-30w-ultravioleta-sockets-antivibracion-sin-base\/","title":{"rendered":"1 Balasto Con 4 Tubos Germicidas 30w Ultravioleta-Sockets Antivibracion Sin Base"},"content":{"rendered":"<p>kit 1 balasto 4X32 Voltaje 110V-120V con 4 TUBOS GERMICIDAS 30W Luz Ultravioleta con Sockets Antivibracion SIN BASE.<\/p>\n<p>-LONGUITUD CADA TUBO COMPLETO SIN BASE: Socket a Socket 96 cms (Cada socket mide Largo: 3 cms).<br \/>\n-POTENCIA: 30W<br \/>\n-VIDA UTIL: 9.000 horas<br \/>\n-OTROS DATOS TECNICOS DEL TUBO:<br \/>\nRadiacion ultravioleta-C 254 nanometros 91 cm, Lampara germicida de baja presion doble terminal. Emiten radiaci\u00f2n de onda corta con un pico de 253.7 nanometros (UV-C) para accion germicida. El vidrio de la l\u00e1mpara filtra la radiaci\u00f3n de formaci\u00f3n del ozono de 185 nm.<\/p>\n<p>-MEDIDAS BALASTO 4X32: Ancho 24 cms.Largo 4 cms.Alto 3 cms.<\/p>\n","protected":false},"excerpt":{"rendered":"<p>Kit 1 Balasto Con 4 Tubos Germicidas 30w Ultravioleta-Sockets Antivibracion Sin Base<\/p>\n","protected":false},"featured_media":3285,"comment_status":"open","ping_status":"closed","template":"","meta":{"_joinchat":[]},"product_brand":[],"product_cat":[47,51],"product_tag":[52,77,84,56,54,27,30,550,28,55],"class_list":{"0":"post-3284","1":"product","2":"type-product","3":"status-publish","4":"has-post-thumbnail","6":"product_cat-iluminacion","7":"product_cat-lamparas-tubos-germicidas","8":"product_tag-desinfeccion","9":"product_tag-disuctronicos","10":"product_tag-equipos-medicos","11":"product_tag-esterilizacion","12":"product_tag-esteticas","13":"product_tag-hogar","14":"product_tag-iluminacion","15":"product_tag-kit-1-balasto-con-4-tubos-germicidas-30w-sockets-antivibracion-sin-base","16":"product_tag-oficina","17":"product_tag-purificacion","19":"first","20":"instock","21":"taxable","22":"shipping-taxable","23":"purchasable","24":"product-type-simple"},"_links":{"self":[{"href":"https:\/\/disuctronicos.com\/index.php\/wp-json\/wp\/v2\/product\/3284","targetHints":{"allow":["GET"]}}],"collection":[{"href":"https:\/\/disuctronicos.com\/index.php\/wp-json\/wp\/v2\/product"}],"about":[{"href":"https:\/\/disuctronicos.com\/index.php\/wp-json\/wp\/v2\/types\/product"}],"replies":[{"embeddable":true,"href":"https:\/\/disuctronicos.com\/index.php\/wp-json\/wp\/v2\/comments?post=3284"}],"wp:featuredmedia":[{"embeddable":true,"href":"https:\/\/disuctronicos.com\/index.php\/wp-json\/wp\/v2\/media\/3285"}],"wp:attachment":[{"href":"https:\/\/disuctronicos.com\/index.php\/wp-json\/wp\/v2\/media?parent=3284"}],"wp:term":[{"taxonomy":"product_brand","embeddable":true,"href":"https:\/\/disuctronicos.com\/index.php\/wp-json\/wp\/v2\/product_brand?post=3284"},{"taxonomy":"product_cat","embeddable":true,"href":"https:\/\/disuctronicos.com\/index.php\/wp-json\/wp\/v2\/product_cat?post=3284"},{"taxonomy":"product_tag","embeddable":true,"href":"https:\/\/disuctronicos.com\/index.php\/wp-json\/wp\/v2\/product_tag?post=3284"}],"curies":[{"name":"wp","href":"https:\/\/api.w.org\/{rel}","templated":true}]}}