{"id":3263,"date":"2025-02-09T22:46:08","date_gmt":"2025-02-10T03:46:08","guid":{"rendered":"https:\/\/disuctronicos.com\/?post_type=product&#038;p=3263"},"modified":"2026-01-29T19:51:26","modified_gmt":"2026-01-30T00:51:26","slug":"tubo-germicida-30w-ultravioleta-con-balasto-sockets-antivibracion-sin-base","status":"publish","type":"product","link":"https:\/\/disuctronicos.com\/index.php\/producto\/tubo-germicida-30w-ultravioleta-con-balasto-sockets-antivibracion-sin-base\/","title":{"rendered":"Tubo Germicida 30w Ultravioleta Con Balasto-sockets Antivibracion Sin Base"},"content":{"rendered":"<p>TUBO GERMICIDA 30W Luz Ultravioleta con balastoVoltaje 110V-120V Sockets Antivibracion SIN BASE.<\/p>\n<p>-LONGUITUD LAMPARA COMPLETA SIN BASE: Socket a Socket 96 cms (Cada socket mide Largo: 3 cms).<br \/>\n-POTENCIA: 30W<br \/>\n-VIDA UTIL: 9.000 horas<br \/>\n-OTROS DATOS TECNICOS DEL TUBO:<br \/>\nRadiacion ultravioleta-C 254 nanometros 91 cm, Lampara germicida de baja presion doble terminal. Emiten radiaci\u00f2n de onda corta con un pico de 253.7 nanometros (UV-C) para accion germicida. El vidrio de la l\u00e1mpara filtra la radiaci\u00f3n de formaci\u00f3n del ozono de 185 nm.<\/p>\n","protected":false},"excerpt":{"rendered":"<p>Tubo Germicida 30W Luz Ultravioleta con balasto-sockets antivibracion sin base<\/p>\n","protected":false},"featured_media":3264,"comment_status":"open","ping_status":"closed","template":"","meta":{"_joinchat":[]},"product_brand":[],"product_cat":[47,51],"product_tag":[52,77,56,54,27,30,28,55,546],"class_list":{"0":"post-3263","1":"product","2":"type-product","3":"status-publish","4":"has-post-thumbnail","6":"product_cat-iluminacion","7":"product_cat-lamparas-tubos-germicidas","8":"product_tag-desinfeccion","9":"product_tag-disuctronicos","10":"product_tag-esterilizacion","11":"product_tag-esteticas","12":"product_tag-hogar","13":"product_tag-iluminacion","14":"product_tag-oficina","15":"product_tag-purificacion","16":"product_tag-tubo-germicida-30w-con-balasto-sockets-antivibracion-sin-base","18":"first","19":"instock","20":"taxable","21":"shipping-taxable","22":"purchasable","23":"product-type-simple"},"_links":{"self":[{"href":"https:\/\/disuctronicos.com\/index.php\/wp-json\/wp\/v2\/product\/3263","targetHints":{"allow":["GET"]}}],"collection":[{"href":"https:\/\/disuctronicos.com\/index.php\/wp-json\/wp\/v2\/product"}],"about":[{"href":"https:\/\/disuctronicos.com\/index.php\/wp-json\/wp\/v2\/types\/product"}],"replies":[{"embeddable":true,"href":"https:\/\/disuctronicos.com\/index.php\/wp-json\/wp\/v2\/comments?post=3263"}],"wp:featuredmedia":[{"embeddable":true,"href":"https:\/\/disuctronicos.com\/index.php\/wp-json\/wp\/v2\/media\/3264"}],"wp:attachment":[{"href":"https:\/\/disuctronicos.com\/index.php\/wp-json\/wp\/v2\/media?parent=3263"}],"wp:term":[{"taxonomy":"product_brand","embeddable":true,"href":"https:\/\/disuctronicos.com\/index.php\/wp-json\/wp\/v2\/product_brand?post=3263"},{"taxonomy":"product_cat","embeddable":true,"href":"https:\/\/disuctronicos.com\/index.php\/wp-json\/wp\/v2\/product_cat?post=3263"},{"taxonomy":"product_tag","embeddable":true,"href":"https:\/\/disuctronicos.com\/index.php\/wp-json\/wp\/v2\/product_tag?post=3263"}],"curies":[{"name":"wp","href":"https:\/\/api.w.org\/{rel}","templated":true}]}}