{"id":3101,"date":"2024-07-18T13:49:57","date_gmt":"2024-07-18T18:49:57","guid":{"rendered":"https:\/\/disuctronicos.com\/?post_type=product&#038;p=3101"},"modified":"2024-08-07T18:34:02","modified_gmt":"2024-08-07T23:34:02","slug":"bombillo-luz-mixta-160w-220v-rosca-e27","status":"publish","type":"product","link":"https:\/\/disuctronicos.com\/index.php\/producto\/bombillo-luz-mixta-160w-220v-rosca-e27\/","title":{"rendered":"Bombillo Luz Mixta 160W 220V Rosca E27"},"content":{"rendered":"<p>Las l\u00e1mparas de luz mixta 160W 220V-230V E27 puede utilizarse en lugar de las l\u00e1mparas incandescentes, NO requiere para su funcionamiento reactancia,balasto,arrancador o condensador. FUNCIONA DIRECTAMENTE A 220V<\/p>\n<p>Potencia nominal 160W<br \/>\nEficacia l\u00e1mpara (condici\u00f3n est\u00e1ndar) 20 lm\/W<br \/>\nFlujo luminoso 3200 lm<br \/>\nTemperatura de color 3300 K<br \/>\nDi\u00e1metro 73.0 mm<br \/>\nLargo 173.0 mm<br \/>\nTemp m\u00e1x permitida ampolla exterior 350 \u00b0C<br \/>\nTemp m\u00e1x permitida borde del casquillo 250 \u00b0C<br \/>\nDuraci\u00f3n:10000 h<br \/>\nRegulable:No<br \/>\nSe requiere una luminaria cerrada:No<\/p>\n<p>Favor estar indudable sobre la compra del producto,NO SE ACEPTAN DEVOLUCIONES<\/p>\n","protected":false},"excerpt":{"rendered":"<p>Bombillo Luz Mixta 160W 220V Rosca E27<\/p>\n","protected":false},"featured_media":3102,"comment_status":"open","ping_status":"closed","template":"","meta":{"_joinchat":[]},"product_brand":[],"product_cat":[47,49],"product_tag":[116,509,24,77,25,27,30,23,26,41,506],"class_list":{"0":"post-3101","1":"product","2":"type-product","3":"status-publish","4":"has-post-thumbnail","6":"product_cat-iluminacion","7":"product_cat-iluminacion-halogena","8":"product_tag-alumbrado-publico","9":"product_tag-bombillo-luz-mixta-160w-220v","10":"product_tag-construccion","11":"product_tag-disuctronicos","12":"product_tag-electricista","13":"product_tag-hogar","14":"product_tag-iluminacion","15":"product_tag-ingeniero","16":"product_tag-instalador","17":"product_tag-proyectos","18":"product_tag-reparacion","20":"first","21":"instock","22":"taxable","23":"shipping-taxable","24":"purchasable","25":"product-type-simple"},"_links":{"self":[{"href":"https:\/\/disuctronicos.com\/index.php\/wp-json\/wp\/v2\/product\/3101","targetHints":{"allow":["GET"]}}],"collection":[{"href":"https:\/\/disuctronicos.com\/index.php\/wp-json\/wp\/v2\/product"}],"about":[{"href":"https:\/\/disuctronicos.com\/index.php\/wp-json\/wp\/v2\/types\/product"}],"replies":[{"embeddable":true,"href":"https:\/\/disuctronicos.com\/index.php\/wp-json\/wp\/v2\/comments?post=3101"}],"wp:featuredmedia":[{"embeddable":true,"href":"https:\/\/disuctronicos.com\/index.php\/wp-json\/wp\/v2\/media\/3102"}],"wp:attachment":[{"href":"https:\/\/disuctronicos.com\/index.php\/wp-json\/wp\/v2\/media?parent=3101"}],"wp:term":[{"taxonomy":"product_brand","embeddable":true,"href":"https:\/\/disuctronicos.com\/index.php\/wp-json\/wp\/v2\/product_brand?post=3101"},{"taxonomy":"product_cat","embeddable":true,"href":"https:\/\/disuctronicos.com\/index.php\/wp-json\/wp\/v2\/product_cat?post=3101"},{"taxonomy":"product_tag","embeddable":true,"href":"https:\/\/disuctronicos.com\/index.php\/wp-json\/wp\/v2\/product_tag?post=3101"}],"curies":[{"name":"wp","href":"https:\/\/api.w.org\/{rel}","templated":true}]}}