{"id":1105,"date":"2022-03-14T09:26:00","date_gmt":"2022-03-14T14:26:00","guid":{"rendered":"https:\/\/disuctronicos.com\/?post_type=product&#038;p=1105"},"modified":"2026-03-28T11:48:17","modified_gmt":"2026-03-28T16:48:17","slug":"plug-rj45-categoria-6","status":"publish","type":"product","link":"https:\/\/disuctronicos.com\/index.php\/producto\/plug-rj45-categoria-6\/","title":{"rendered":"Plug RJ45 Categoria 6"},"content":{"rendered":"<p>Conector plug RJ45 Categor\u00eda 6 dise\u00f1ado en conformidad con la norma ANSI\/TIA 568-C.2 para realizar patch cord seg\u00fan sea su requerimiento para aquellos usuarios temporales o casos particulares, posee 8 \u00abpines\u00bb que se usan como extremos de cables de par trenzado son normalmente utilizados con est\u00e1ndares TIA\/EIA-568-B que define la disposici\u00f3n de los pines, su aplicaci\u00f3n com\u00fan es en cables de red Ethernet<\/p>\n","protected":false},"excerpt":{"rendered":"<p>Plug RJ45 categor\u00eda 6<\/p>\n","protected":false},"featured_media":2590,"comment_status":"open","ping_status":"closed","template":"","meta":{"_joinchat":[]},"product_brand":[],"product_cat":[57,58],"product_tag":[59,24,77,27,23,26,60,62,28,263,61],"class_list":{"0":"post-1105","1":"product","2":"type-product","3":"status-publish","4":"has-post-thumbnail","6":"product_cat-cableado-estructurado","7":"product_cat-conectores-cables-y-herramienta","8":"product_tag-call-center","9":"product_tag-construccion","10":"product_tag-disuctronicos","11":"product_tag-hogar","12":"product_tag-ingeniero","13":"product_tag-instalador","14":"product_tag-internet","15":"product_tag-lan","16":"product_tag-oficina","17":"product_tag-plug-rj45-categoria-6","18":"product_tag-voz-y-datos","20":"first","21":"instock","22":"taxable","23":"shipping-taxable","24":"purchasable","25":"product-type-simple"},"_links":{"self":[{"href":"https:\/\/disuctronicos.com\/index.php\/wp-json\/wp\/v2\/product\/1105","targetHints":{"allow":["GET"]}}],"collection":[{"href":"https:\/\/disuctronicos.com\/index.php\/wp-json\/wp\/v2\/product"}],"about":[{"href":"https:\/\/disuctronicos.com\/index.php\/wp-json\/wp\/v2\/types\/product"}],"replies":[{"embeddable":true,"href":"https:\/\/disuctronicos.com\/index.php\/wp-json\/wp\/v2\/comments?post=1105"}],"wp:featuredmedia":[{"embeddable":true,"href":"https:\/\/disuctronicos.com\/index.php\/wp-json\/wp\/v2\/media\/2590"}],"wp:attachment":[{"href":"https:\/\/disuctronicos.com\/index.php\/wp-json\/wp\/v2\/media?parent=1105"}],"wp:term":[{"taxonomy":"product_brand","embeddable":true,"href":"https:\/\/disuctronicos.com\/index.php\/wp-json\/wp\/v2\/product_brand?post=1105"},{"taxonomy":"product_cat","embeddable":true,"href":"https:\/\/disuctronicos.com\/index.php\/wp-json\/wp\/v2\/product_cat?post=1105"},{"taxonomy":"product_tag","embeddable":true,"href":"https:\/\/disuctronicos.com\/index.php\/wp-json\/wp\/v2\/product_tag?post=1105"}],"curies":[{"name":"wp","href":"https:\/\/api.w.org\/{rel}","templated":true}]}}