{"id":1093,"date":"2022-03-13T21:37:51","date_gmt":"2022-03-14T02:37:51","guid":{"rendered":"https:\/\/disuctronicos.com\/?post_type=product&#038;p=1093"},"modified":"2026-03-28T12:14:29","modified_gmt":"2026-03-28T17:14:29","slug":"patch-panel-cat-5e-12-puertos","status":"publish","type":"product","link":"https:\/\/disuctronicos.com\/index.php\/producto\/patch-panel-cat-5e-12-puertos\/","title":{"rendered":"Patch Panel 12 Puertos Cat 5E"},"content":{"rendered":"<p>Patch panel 12 puertos Categor\u00eda 5E para montaje en Rack est\u00e1ndar de ancho 19&#8243;.Probado y certificado por la UL por cumplir con la norma TIA\/EIA-568-B.2, para requisitos de funcionamiento en categor\u00eda 5E,doble c\u00f3digo de configuraci\u00f3n, seg\u00fan la codificaci\u00f3n de colores T568A o T568B,terminaciones tipo IDC 110 especiales que aceptan cables solidos de 22-26 AWG, combinan la terminaci\u00f3n y corte del cable en un solo paso.<\/p>\n","protected":false},"excerpt":{"rendered":"<p>Patch panel categoria 5E 12 puertos<\/p>\n","protected":false},"featured_media":2601,"comment_status":"open","ping_status":"closed","template":"","meta":{"_joinchat":[]},"product_brand":[],"product_cat":[57,58],"product_tag":[59,24,77,27,23,26,60,62,28,268,61],"class_list":{"0":"post-1093","1":"product","2":"type-product","3":"status-publish","4":"has-post-thumbnail","6":"product_cat-cableado-estructurado","7":"product_cat-conectores-cables-y-herramienta","8":"product_tag-call-center","9":"product_tag-construccion","10":"product_tag-disuctronicos","11":"product_tag-hogar","12":"product_tag-ingeniero","13":"product_tag-instalador","14":"product_tag-internet","15":"product_tag-lan","16":"product_tag-oficina","17":"product_tag-patch-panel-12-puertos-categoria-5e","18":"product_tag-voz-y-datos","20":"first","21":"instock","22":"taxable","23":"shipping-taxable","24":"purchasable","25":"product-type-simple"},"_links":{"self":[{"href":"https:\/\/disuctronicos.com\/index.php\/wp-json\/wp\/v2\/product\/1093","targetHints":{"allow":["GET"]}}],"collection":[{"href":"https:\/\/disuctronicos.com\/index.php\/wp-json\/wp\/v2\/product"}],"about":[{"href":"https:\/\/disuctronicos.com\/index.php\/wp-json\/wp\/v2\/types\/product"}],"replies":[{"embeddable":true,"href":"https:\/\/disuctronicos.com\/index.php\/wp-json\/wp\/v2\/comments?post=1093"}],"wp:featuredmedia":[{"embeddable":true,"href":"https:\/\/disuctronicos.com\/index.php\/wp-json\/wp\/v2\/media\/2601"}],"wp:attachment":[{"href":"https:\/\/disuctronicos.com\/index.php\/wp-json\/wp\/v2\/media?parent=1093"}],"wp:term":[{"taxonomy":"product_brand","embeddable":true,"href":"https:\/\/disuctronicos.com\/index.php\/wp-json\/wp\/v2\/product_brand?post=1093"},{"taxonomy":"product_cat","embeddable":true,"href":"https:\/\/disuctronicos.com\/index.php\/wp-json\/wp\/v2\/product_cat?post=1093"},{"taxonomy":"product_tag","embeddable":true,"href":"https:\/\/disuctronicos.com\/index.php\/wp-json\/wp\/v2\/product_tag?post=1093"}],"curies":[{"name":"wp","href":"https:\/\/api.w.org\/{rel}","templated":true}]}}