{"id":1052,"date":"2022-03-13T17:45:02","date_gmt":"2022-03-13T22:45:02","guid":{"rendered":"https:\/\/disuctronicos.com\/?post_type=product&#038;p=1052"},"modified":"2026-03-28T14:35:16","modified_gmt":"2026-03-28T19:35:16","slug":"organizador-horizontal-de-cable-1u","status":"publish","type":"product","link":"https:\/\/disuctronicos.com\/index.php\/producto\/organizador-horizontal-de-cable-1u\/","title":{"rendered":"Organizador Horizontal De Cable 1U"},"content":{"rendered":"<p>Organizador horizontal para instalaci\u00f3n en Racks o en gabinetes con tapa frontal pivotante hacia arriba, hacia abajo y desmontable, pasa cables pl\u00e1sticos en el cuerpo que garantizan el adecuado tratamiento del cableado, canal ranurada con curvaturas para evitar da\u00f1os al cable, canal\u00a0de 4 cm x 8cm,medida est\u00e1ndar de 19\u201d.<\/p>\n","protected":false},"excerpt":{"rendered":"<p>Organizador horizontal 1U para instalaci\u00f3n en Racks<\/p>\n","protected":false},"featured_media":2641,"comment_status":"open","ping_status":"closed","template":"","meta":{"_joinchat":[]},"product_brand":[],"product_cat":[57,58],"product_tag":[59,24,77,27,23,26,60,62,28,287,61],"class_list":{"0":"post-1052","1":"product","2":"type-product","3":"status-publish","4":"has-post-thumbnail","6":"product_cat-cableado-estructurado","7":"product_cat-conectores-cables-y-herramienta","8":"product_tag-call-center","9":"product_tag-construccion","10":"product_tag-disuctronicos","11":"product_tag-hogar","12":"product_tag-ingeniero","13":"product_tag-instalador","14":"product_tag-internet","15":"product_tag-lan","16":"product_tag-oficina","17":"product_tag-organizador-horizontal-de-cable-1-unidad-de-rack","18":"product_tag-voz-y-datos","20":"first","21":"instock","22":"taxable","23":"shipping-taxable","24":"purchasable","25":"product-type-simple"},"_links":{"self":[{"href":"https:\/\/disuctronicos.com\/index.php\/wp-json\/wp\/v2\/product\/1052","targetHints":{"allow":["GET"]}}],"collection":[{"href":"https:\/\/disuctronicos.com\/index.php\/wp-json\/wp\/v2\/product"}],"about":[{"href":"https:\/\/disuctronicos.com\/index.php\/wp-json\/wp\/v2\/types\/product"}],"replies":[{"embeddable":true,"href":"https:\/\/disuctronicos.com\/index.php\/wp-json\/wp\/v2\/comments?post=1052"}],"wp:featuredmedia":[{"embeddable":true,"href":"https:\/\/disuctronicos.com\/index.php\/wp-json\/wp\/v2\/media\/2641"}],"wp:attachment":[{"href":"https:\/\/disuctronicos.com\/index.php\/wp-json\/wp\/v2\/media?parent=1052"}],"wp:term":[{"taxonomy":"product_brand","embeddable":true,"href":"https:\/\/disuctronicos.com\/index.php\/wp-json\/wp\/v2\/product_brand?post=1052"},{"taxonomy":"product_cat","embeddable":true,"href":"https:\/\/disuctronicos.com\/index.php\/wp-json\/wp\/v2\/product_cat?post=1052"},{"taxonomy":"product_tag","embeddable":true,"href":"https:\/\/disuctronicos.com\/index.php\/wp-json\/wp\/v2\/product_tag?post=1052"}],"curies":[{"name":"wp","href":"https:\/\/api.w.org\/{rel}","templated":true}]}}