{"id":1039,"date":"2022-03-08T21:56:07","date_gmt":"2022-03-09T02:56:07","guid":{"rendered":"https:\/\/disuctronicos.com\/?post_type=product&#038;p=1039"},"modified":"2026-03-28T14:54:03","modified_gmt":"2026-03-28T19:54:03","slug":"jack-rj45-cat-5e-color-azul","status":"publish","type":"product","link":"https:\/\/disuctronicos.com\/index.php\/producto\/jack-rj45-cat-5e-color-azul\/","title":{"rendered":"Jack RJ45 Categoria 5E Color Azul"},"content":{"rendered":"<p>Conector hembra RJ45 Categor\u00eda 5E con 8 contactos codificados, cumple en desempe\u00f1o con el est\u00e1ndar ANSI\/TIA\/EIA 568B.2.<\/p>\n","protected":false},"excerpt":{"rendered":"<p>Jack RJ45 categor\u00eda 5E color Azul<\/p>\n","protected":false},"featured_media":2654,"comment_status":"open","ping_status":"closed","template":"","meta":{"_joinchat":[]},"product_brand":[],"product_cat":[57,58],"product_tag":[59,24,77,27,23,26,60,293,62,28,61],"class_list":{"0":"post-1039","1":"product","2":"type-product","3":"status-publish","4":"has-post-thumbnail","6":"product_cat-cableado-estructurado","7":"product_cat-conectores-cables-y-herramienta","8":"product_tag-call-center","9":"product_tag-construccion","10":"product_tag-disuctronicos","11":"product_tag-hogar","12":"product_tag-ingeniero","13":"product_tag-instalador","14":"product_tag-internet","15":"product_tag-jack-rj45-categoria-5e-color-azul","16":"product_tag-lan","17":"product_tag-oficina","18":"product_tag-voz-y-datos","20":"first","21":"instock","22":"taxable","23":"shipping-taxable","24":"purchasable","25":"product-type-simple"},"_links":{"self":[{"href":"https:\/\/disuctronicos.com\/index.php\/wp-json\/wp\/v2\/product\/1039","targetHints":{"allow":["GET"]}}],"collection":[{"href":"https:\/\/disuctronicos.com\/index.php\/wp-json\/wp\/v2\/product"}],"about":[{"href":"https:\/\/disuctronicos.com\/index.php\/wp-json\/wp\/v2\/types\/product"}],"replies":[{"embeddable":true,"href":"https:\/\/disuctronicos.com\/index.php\/wp-json\/wp\/v2\/comments?post=1039"}],"wp:featuredmedia":[{"embeddable":true,"href":"https:\/\/disuctronicos.com\/index.php\/wp-json\/wp\/v2\/media\/2654"}],"wp:attachment":[{"href":"https:\/\/disuctronicos.com\/index.php\/wp-json\/wp\/v2\/media?parent=1039"}],"wp:term":[{"taxonomy":"product_brand","embeddable":true,"href":"https:\/\/disuctronicos.com\/index.php\/wp-json\/wp\/v2\/product_brand?post=1039"},{"taxonomy":"product_cat","embeddable":true,"href":"https:\/\/disuctronicos.com\/index.php\/wp-json\/wp\/v2\/product_cat?post=1039"},{"taxonomy":"product_tag","embeddable":true,"href":"https:\/\/disuctronicos.com\/index.php\/wp-json\/wp\/v2\/product_tag?post=1039"}],"curies":[{"name":"wp","href":"https:\/\/api.w.org\/{rel}","templated":true}]}}