{"id":1035,"date":"2022-03-08T21:03:24","date_gmt":"2022-03-09T02:03:24","guid":{"rendered":"https:\/\/disuctronicos.com\/?post_type=product&#038;p=1035"},"modified":"2026-03-28T15:06:31","modified_gmt":"2026-03-28T20:06:31","slug":"herraje-cat-6a-24-puertos","status":"publish","type":"product","link":"https:\/\/disuctronicos.com\/index.php\/producto\/herraje-cat-6a-24-puertos\/","title":{"rendered":"Herraje RJ45 Categoria 6A 24 Puertos"},"content":{"rendered":"<p>Herraje\u00a0 RJ45 categor\u00eda 6A\u00a0 24 PUERTOS es un panel de conexi\u00f3n dise\u00f1ado para ser utilizado de manera f\u00e1cil y r\u00e1pida, dise\u00f1ados espec\u00edficamente para satisfacer los desaf\u00edos dif\u00edciles de transmisi\u00f3n de 10 Gb\/s.<\/p>\n","protected":false},"excerpt":{"rendered":"<p>Herraje RJ45 para jack categoria 6A de 24 puertos<\/p>\n","protected":false},"featured_media":2658,"comment_status":"open","ping_status":"closed","template":"","meta":{"_joinchat":[]},"product_brand":[],"product_cat":[57,58],"product_tag":[59,24,77,295,27,23,26,60,62,28,61],"class_list":{"0":"post-1035","1":"product","2":"type-product","3":"status-publish","4":"has-post-thumbnail","6":"product_cat-cableado-estructurado","7":"product_cat-conectores-cables-y-herramienta","8":"product_tag-call-center","9":"product_tag-construccion","10":"product_tag-disuctronicos","11":"product_tag-herraje-rj45-categoria-6a-24-puertos","12":"product_tag-hogar","13":"product_tag-ingeniero","14":"product_tag-instalador","15":"product_tag-internet","16":"product_tag-lan","17":"product_tag-oficina","18":"product_tag-voz-y-datos","20":"first","21":"instock","22":"taxable","23":"shipping-taxable","24":"purchasable","25":"product-type-simple"},"_links":{"self":[{"href":"https:\/\/disuctronicos.com\/index.php\/wp-json\/wp\/v2\/product\/1035","targetHints":{"allow":["GET"]}}],"collection":[{"href":"https:\/\/disuctronicos.com\/index.php\/wp-json\/wp\/v2\/product"}],"about":[{"href":"https:\/\/disuctronicos.com\/index.php\/wp-json\/wp\/v2\/types\/product"}],"replies":[{"embeddable":true,"href":"https:\/\/disuctronicos.com\/index.php\/wp-json\/wp\/v2\/comments?post=1035"}],"wp:featuredmedia":[{"embeddable":true,"href":"https:\/\/disuctronicos.com\/index.php\/wp-json\/wp\/v2\/media\/2658"}],"wp:attachment":[{"href":"https:\/\/disuctronicos.com\/index.php\/wp-json\/wp\/v2\/media?parent=1035"}],"wp:term":[{"taxonomy":"product_brand","embeddable":true,"href":"https:\/\/disuctronicos.com\/index.php\/wp-json\/wp\/v2\/product_brand?post=1035"},{"taxonomy":"product_cat","embeddable":true,"href":"https:\/\/disuctronicos.com\/index.php\/wp-json\/wp\/v2\/product_cat?post=1035"},{"taxonomy":"product_tag","embeddable":true,"href":"https:\/\/disuctronicos.com\/index.php\/wp-json\/wp\/v2\/product_tag?post=1035"}],"curies":[{"name":"wp","href":"https:\/\/api.w.org\/{rel}","templated":true}]}}